6)/(-5) - 1). Suppose 6*v + p = 10*v. What are the prime factors of 27/63 + 662/7 - v?
2, 47
Suppose 0 = -8*a + a + 168. Suppose 7*m = a + 81. Suppose 16 = 4*i, 2*w + i = 1 + m. What are the prime factors of w?
2, 3
Let j be ((-120)/(-5))/((-15)/(-10)). Suppose -j*m + 2382 + 16514 = 0. List the prime factors of m.
1181
Suppose w - 12538 - 3105 = -796. What are the prime factors of w?
3, 7, 101
What are the prime factors of (-111)/74*(-12522)/9?
2087
Let j be (16/(-20))/(4/(-10)). Let k be ((-76)/20)/((-13)/2015). Suppose -1072 = -5*n - 4*w, 5*n + j*w = -k + 1665. What are the prime factors of n?
2, 3
Suppose -6*w + 2*w - 99934 = 2*x, -2*w - 49987 = -3*x. What are the prime factors of w/(-93) + (-2)/(-6)?
269
Suppose -g + 5*p + 27 = 0, p + 5 = -5*g - 2*p. Suppose 2*b = -5*x + 3858, g*x = 3*b + 1148 + 380. List the prime factors of x.
2, 5, 7, 11
Suppose 0 = 2*a + 4*o - 6284, -247 = -a - 5*o + 2910. List the prime factors of a.
2, 3, 29
Let n(d) = d**3 + 4*d**2 - 7*d - 6. Let p be n(-5). Let f be (4 + (-22)/p)/(4/(-8)). Suppose -6 - 2 = -2*j, -4*g - f*j = -316. What are the prime factors of g?
2, 19
Suppose 24*h - v + 668 = 23*h, -h - 5*v = 692. Let m = h - -1047. List the prime factors of m.
3, 5
Let o = -3188 - -9451. Suppose -o - 89 = -16*c. List the prime factors of c.
397
Suppose 2*z - 3*w = 11312, 5*z - 5*w + 9557 - 37842 = 0. List the prime factors of z.
5659
Suppose -50*i - 394408 = -231*i + 4291139. What are the prime factors of i?
3, 8629
Suppose 0 = 3*q - z - 170, 2 = z + 1. Suppose 0 = n - 4, 332 = r + n + q. What are the prime factors of r?
271
Let q = 7 + -3. Let y(f) = f**3 - 24*f**2 - f + 26. Let g be y(24). Suppose i - g*s = 34, 0 = -q*i + s - 0*s + 136. List the prime factors of i.
2, 17
Let b(q) = -87*q. Let l(m) = -162*m - 1. Let p(h) = 9*b(h) - 5*l(h). Suppose 2*y - 14 = -0. What are the prime factors of p(y)?
2, 97
Let s be 2 - (56/(-4) + 3). Let t be (-2736)/(-27) - (-2 - (-8)/6). Suppose -s*v = -14*v + t. What are the prime factors of v?
2, 3, 17
Suppose -4656*g - 296799 = -4675*g. What are the prime factors of g?
3, 41, 127
Suppose -81*w + 20 = -77*w. Suppose 5*r + 8 = 3, -w*q + 5*r = -1140. List the prime factors of q.
227
Suppose 4*w - 4*v - 5 - 15 = 0, 4*w + 25 = -5*v. Let n = -454 + 476. Suppose 14*z - n*z + 1728 = w. List the prime factors of z.
2, 3
Let j(x) = 90*x**2 - 4*x - 6. Let t be j(-2). Suppose 4*z - 1805 = -3*r, -832 = -2*r + 2*z + t. What are the prime factors of r?
599
Suppose 23*p + 9268 = 218545. What are the prime factors of p?
3, 337
Let u = 67 + -58. Let s(x) = 6*x**2 + 45*x - 10. What are the prime factors of s(u)?
881
Let n(u) = 4*u**2 - 5*u + 7945. What are the prime factors of n(0)?
5, 7, 227
Let w be (-2)/(-2) + 1998 - -7. Suppose 3*n = 0, -14*n + w = 2*p - 19*n. List the prime factors of p.
17, 59
Suppose 5*r + 5*c = -10, 0 = 5*r - 17*c + 14*c - 6. What are the prime factors of (-2)/(-14) + r + 38544/84?
3, 17
Let f(v) = 5*v**2 + 23*v + 30. Let x(j) = -6*j**2 - 23*j - 27. Let y(b) = -3*f(b) - 4*x(b). List the prime factors of y(9).
2, 3, 53
Let g(s) = 3086*s - 10. Let o be g(3). Suppose a + o = 18*a. List the prime factors of a.
2, 17
Suppose 18*l = -7489 + 20142 + 13645. List the prime factors of l.
3, 487
Let k be (-8)/(-14)*(43 + -36). Suppose -5*p + 3*l + 2706 = 0, k*p - 2*l + 207 = 2373. List the prime factors of p.
3, 181
Suppose 0 = -4*o + 3*s + 26, 4*o - 4*s = 13 + 15. Suppose o*g = -6 - 9. What are the prime factors of ((-2)/(-2))/((-2 + g)/(-10))?
2
Let h(w) = -w**3 - 5*w**2 + w + 7. Let z be h(-5). Suppose -f + z*o = -5*f + 160, 2*f - 100 = 4*o. List the prime factors of 54 + (6/f)/((-2)/(-14)).
5, 11
Let x(n) = 2*n**2 + 2*n + 14. Let v(g) = -g**3 - 19*g**2 + g + 24. Let m be v(-19). Suppose 4*s - i + 30 = i, 42 = -m*s + i. What are the prime factors of x(s)?
2, 79
List the prime factors of 9 + 104/8 + 5372.
2, 3, 29, 31
Suppose 75*f - 172*f + 1030947 = -3972216. What are the prime factors of f?
3, 11, 521
Suppose 6*u - 5*u - 5 = 4*s, 3*u - 5*s - 22 = 0. Suppose -1156 = -u*c + 5*c. What are the prime factors of c?
17
Let i(s) = -s**2 + 213*s + 120. What are the prime factors of i(62)?
2, 11, 431
Let x(i) be the second derivative of -i**5/20 - 13*i**4/12 + 8*i**3/3 + 15*i**2/2 + 30*i. Let b be x(-14). List the prime factors of b*(3 + -4)*4.
2, 13
Suppose 698 = 14*m - 9*m + 3*w, -m + 162 = -5*w. Let r = m - 56. What are the prime factors of r?
2, 43
Let j be 43938/8 - (-12)/16. Suppose 2*l - 5*l - j = -3*d, 4*l - 7364 = -4*d. Suppose d = 2*t + 10*t. What are the prime factors of t?
3, 17
Suppose 36*b - 125957 = 22*b + 32201. What are the prime factors of b?
11, 13, 79
Let t(b) = 1 + 10 - 6 + 15 + 276*b. What are the prime factors of t(1)?
2, 37
Let o(l) = -49*l + 5. Let x be o(-1). Suppose 44*p = 47*p - x. Suppose p*d = 7*d + 1067. List the prime factors of d.
97
Let a(q) = 18*q**2 - q + 3. Let n = 67 - 65. Suppose 3*k - 8 + n = 0. List the prime factors of a(k).
73
Let f(x) = x - 6. Let b = 3 - -3. Let o be f(b). Suppose c - 88 = -4*j, -2*c - 6*j + 2*j + 160 = o. List the prime factors of c.
2, 3
Let c = -87 + 80. Let h be (7 + c)*(-1)/2. Suppose h*n = -p - 4*n + 24, -4*p + 5*n = -12. What are the prime factors of p?
2
Suppose 18*v + 2*k = 13*v + 169394, -4*v = 4*k - 135496. List the prime factors of v.
2, 3, 5647
Suppose 2293074 = 194*h + 560406 - 1048710. List the prime factors of h.
3, 59
Suppose -9189*d + 71632 = -9173*d. What are the prime factors of d?
11, 37
Let x(j) = 2*j**3 - 2*j. Let c be x(2). Let t(h) = h**2 - 9*h - 16. Let r be t(c). Suppose 206 = 6*y + r. What are the prime factors of y?
31
Suppose -4*c = 4*l - 39352, -39356 = -4*l + 16*c - 18*c. List the prime factors of l.
2, 3, 5, 41
Let r(h) = 103*h - 18. Let w(b) = 104*b - 17. Let l(t) = 3*r(t) - 2*w(t). What are the prime factors of l(4)?
2, 3
Let a(i) = -11*i + 16. Suppose -16*d + 27*d + 220 = 0. What are the prime factors of a(d)?
2, 59
List the prime factors of 16214*(((-2)/(-5))/((-10)/50))/(-4).
11, 67
Let q(v) = -3*v**3 + v**2 + 15*v + 1. Let j(o) = 8*o**3 - 2*o**2 - 44*o - 3. Let f(y) = -4*j(y) - 11*q(y). List the prime factors of f(8).
409
Let f = 6367 + 7359. List the prime factors of f.
2, 6863
Let o = -73 + 67. Let g(t) = -13*t + 21 - 2*t**2 + t**3 + 7*t**2 - 8. What are the prime factors of g(o)?
5, 11
Suppose 2*d - 142 = -134, -b - 3*d = -47933. What are the prime factors of b?
173, 277
Let v(l) = 4*l**3 + 0*l**2 + 2 + 4 + 3*l - 2 + l**2. Suppose -22 = -5*s - i - 3, -4*s - 3*i + 24 = 0. What are the prime factors of v(s)?
2, 5, 13
Suppose 8607 = -16*p + 29487. Suppose 5*f - 1311 = -2*u, -2*f + 3*f = 2*u - p. List the prime factors of u.
653
Let k(w) = -5*w**3 - 1. Let f = 87 - 88. Let u be k(f). Suppose -u*l + 292 = -268. List the prime factors of l.
2, 5, 7
Suppose 2*p + 0*p = -2. Let s be (13/5)/p + (-2)/5. What are the prime factors of (-12)/(-6) - (-2 - -17)/s?
7
Suppose -6*q = -q. Let a be (0 - q)*(-5)/10. Suppose 6*y - 317 - 115 = a. List the prime factors of y.
2, 3
Let d = 118 - 118. Suppose -3*u + 2*j + 892 = 0, -j - 1496 = -d*u - 5*u. What are the prime factors of u?
2, 3, 5
Suppose -6*b + 9*b - 100401 = -5*l, 4*l - 5*b = 80343. List the prime factors of l.
2, 3, 3347
Suppose 153 = 4*f - 475. Suppose 6*i + f = 7*i. List the prime factors of i.
157
Suppose 10 = 4*c - 3*s - 13, 13 = -c - 3*s. Suppose 4*n - 9 = n. List the prime factors of -4*c/(-6)*n + 98.
2, 3, 17
Suppose -1414*t - 406317 = -1507*t. List the prime factors of t.
17, 257
Let x(k) = k**3 - 11*k**2 - 10*k - 93. Suppose 84*h - 92*h = -112. What are the prime factors of x(h)?
5, 71
Let z(v) = v**2 + 14*v + 3. Let k be z(-23). Suppose 0 = -4*n + 2*h + k, 0*h + 54 = n - 2*h. Suppose n*c + 123 = 53*c. What are the prime factors of c?
3, 41
Let d(w) = 7*w**2 + 3*w + 1. Let u be d(4). Suppose -2*i + 165 = -u. List the prime factors of (1 + i)*2/4.
73
Suppose 434279 + 378613 = 264*i - 1683228. List the prime factors of i.
5, 31, 61
Let x be 6520/(-180) + 2/9. Let o = 37 + x. What are the prime factors of 69*20/6*o?
2, 5, 23
Let d(j) = -j**3 - 24*j**2 - 3*j - 70. Let a be d(-24). Suppose a*w - 608 = 5*m - 9, 4*w - 3*m = 1163. What are the prime factors of w?
7, 41
Let q = -33056 - -57937. What are the prime factors of q?
139, 179
Let